t is the remainder when 1270 is divided by 313?
18
Calculate the remainder when 2428 is divided by 35.
13
Calculate the remainder when 2061 is divided by 208.
189
What is the remainder when 1177 is divided by 197?
192
Calculate the remainder when 219 is divided by 37.
34
What is the remainder when 38985 is divided by 18?
15
What is the remainder when 367 is divided by 26?
3
Calculate the remainder when 1215 is divided by 16.
15
What is the remainder when 85 is divided by 41?
3
What is the remainder when 1867 is divided by 302?
55
What is the remainder when 2468 is divided by 311?
291
Calculate the remainder when 611 is divided by 102.
101
What is the remainder when 66 is divided by 34?
32
What is the remainder when 36205 is divided by 149?
147
Calculate the remainder when 22461 is divided by 41.
34
What is the remainder when 203 is divided by 23?
19
Calculate the remainder when 731 is divided by 8.
3
Calculate the remainder when 2637 is divided by 5.
2
What is the remainder when 445 is divided by 223?
222
Calculate the remainder when 6327 is divided by 235.
217
Calculate the remainder when 125 is divided by 29.
9
Calculate the remainder when 53 is divided by 14.
11
Calculate the remainder when 989 is divided by 39.
14
What is the remainder when 5166 is divided by 136?
134
Calculate the remainder when 351 is divided by 91.
78
What is the remainder when 887 is divided by 18?
5
What is the remainder when 157 is divided by 52?
1
What is the remainder when 690 is divided by 3?
0
What is the remainder when 44 is divided by 8?
4
What is the remainder when 1132 is divided by 15?
7
Calculate the remainder when 34 is divided by 17.
0
Calculate the remainder when 697 is divided by 116.
1
Calculate the remainder when 307 is divided by 102.
1
What is the remainder when 3096 is divided by 20?
16
What is the remainder when 8 is divided by 5?
3
Calculate the remainder when 1054 is divided by 16.
14
Calculate the remainder when 3640 is divided by 79.
6
What is the remainder when 279 is divided by 4?
3
Calculate the remainder when 824 is divided by 27.
14
Calculate the remainder when 102 is divided by 23.
10
What is the remainder when 73 is divided by 15?
13
Calculate the remainder when 6566 is divided by 8.
6
What is the remainder when 662 is divided by 74?
70
Calculate the remainder when 277 is divided by 81.
34
What is the remainder when 5504 is divided by 290?
284
What is the remainder when 232 is divided by 59?
55
Calculate the remainder when 12752 is divided by 145.
137
Calculate the remainder when 1662 is divided by 7.
3
Calculate the remainder when 624 is divided by 66.
30
What is the remainder when 10 is divided by 6?
4
Calculate the remainder when 129 is divided by 50.
29
What is the remainder when 920 is divided by 11?
7
What is the remainder when 23659 is divided by 28?
27
Calculate the remainder when 4677 is divided by 27.
6
What is the remainder when 1327 is divided by 83?
82
Calculate the remainder when 145 is divided by 20.
5
Calculate the remainder when 187 is divided by 51.
34
What is the remainder when 899 is divided by 90?
89
Calculate the remainder when 192 is divided by 39.
36
Calculate the remainder when 248 is divided by 213.
35
What is the remainder when 1760 is divided by 440?
0
What is the remainder when 66 is divided by 15?
6
What is the remainder when 652 is divided by 109?
107
Calculate the remainder when 148 is divided by 58.
32
Calculate the remainder when 29 is divided by 8.
5
Calculate the remainder when 286 is divided by 3.
1
Calculate the remainder when 31396 is divided by 40.
36
What is the remainder when 412 is divided by 310?
102
Calculate the remainder when 302 is divided by 150.
2
Calculate the remainder when 3373 is divided by 43.
19
Calculate the remainder when 4026 is divided by 13.
9
What is the remainder when 578 is divided by 94?
14
Calculate the remainder when 7289 is divided by 30.
29
What is the remainder when 632 is divided by 72?
56
What is the remainder when 102 is divided by 24?
6
What is the remainder when 701 is divided by 54?
53
What is the remainder when 1876 is divided by 21?
7
Calculate the remainder when 370 is divided by 31.
29
What is the remainder when 628 is divided by 10?
8
Calculate the remainder when 21 is divided by 18.
3
Calculate the remainder when 70 is divided by 12.
10
What is the remainder when 558 is divided by 79?
5
What is the remainder when 2291 is divided by 12?
11
Calculate the remainder when 114 is divided by 39.
36
What is the remainder when 5 is divided by 4?
1
Calculate the remainder when 30 is divided by 3.
0
What is the remainder when 105 is divided by 84?
21
Calculate the remainder when 1364 is divided by 39.
38
Calculate the remainder when 591 is divided by 74.
73
Calculate the remainder when 3633 is divided by 202.
199
Calculate the remainder when 1105 is divided by 14.
13
Calculate the remainder when 156 is divided by 2.
0
What is the remainder when 3532 is divided by 13?
9
What is the remainder when 6689 is divided by 48?
17
What is the remainder when 815 is divided by 63?
59
What is the remainder when 46 is divided by 20?
6
What is the remainder when 140 is divided by 66?
8
Calculate the remainder when 21 is divided by 8.
5
Calculate the remainder when 378 is divided by 19.
17
What is the remainder when 481 is divided by 437?
44
Calculate the remainder when 324 is divided by 87.
63
What is the remainder when 432 is divided by 383?
49
Calculate the remainder when 29 is divided by 14.
1
What is the remainder when 209 is divided by 91?
27
Calculate the remainder when 1822 is divided by 15.
7
What is the remainder when 74 is divided by 33?
8
What is the remainder when 571 is divided by 160?
91
Calculate the remainder when 587 is divided by 25.
12
What is the remainder when 451 is divided by 114?
109
Calculate the remainder when 4547 is divided by 6.
5
What is the remainder when 10555 is divided by 40?
35
What is the remainder when 287 is divided by 6?
5
Calculate the remainder when 113 is divided by 13.
9
Calculate the remainder when 3470 is divided by 247.
12
Calculate the remainder when 173 is divided by 98.
75
Calculate the remainder when 2594 is divided by 14.
4
Calculate the remainder when 95 is divided by 12.
11
What is the remainder when 1023 is divided by 16?
15
What is the remainder when 1685 is divided by 77?
68
What is the remainder when 242 is divided by 65?
47
What is the remainder when 86 is divided by 30?
26
What is the remainder when 15375 is divided by 13?
9
What is the remainder when 3598 is divided by 75?
73
What is the remainder when 2320 is divided by 217?
150
Calculate the remainder when 62 is divided by 24.
14
What is the remainder when 187 is divided by 19?
16
What is the remainder when 307 is divided by 154?
153
Calculate the remainder when 193 is divided by 18.
13
What is the remainder when 68 is divided by 20?
8
What is the remainder when 190 is divided by 32?
30
Calculate the remainder when 551 is divided by 8.
7
What is the remainder when 2563 is divided by 235?
213
What is the remainder when 247 is divided by 12?
7
What is the remainder when 2888 is divided by 56?
32
Calculate the remainder when 30 is divided by 4.
2
What is the remainder when 7441 is divided by 146?
141
Calculate the remainder when 3417 is divided by 114.
111
What is the remainder when 2793 is divided by 28?
21
What is the remainder when 5 is divided by 2?
1
Calculate the remainder when 159 is divided by 34.
23
Calculate the remainder when 448 is divided by 75.
73
What is the remainder when 126 is divided by 34?
24
What is the remainder when 617 is divided by 62?
59
What is the remainder when 1554 is divided by 40?
34
Calculate the remainder when 429 is divided by 15.
9
Calculate the remainder when 419 is divided by 10.
9
Calculate the remainder when 135 is divided by 68.
67
What is the remainder when 466 is divided by 52?
50
What is the remainder when 3525 is divided by 320?
5
What is the remainder when 7999 is divided by 100?
99
What is the remainder when 131 is divided by 22?
21
Calculate the remainder when 167 is divided by 40.
7
What is the remainder when 423 is divided by 222?
201
Calculate the remainder when 2518 is divided by 834.
16
Calculate the remainder when 6